ulate t(x).
9
Let c(v) be the second derivative of 0 + 1/6*v**3 + 1/30*v**5 + 0*v**4 - 6*v - 21/2*v**2. Let s(z) be the first derivative of c(z). Give s(-1).
3
Let p(c) = 7*c - 33. Let x(k) = 4*k**3 + 23*k**2 - 5*k + 10. Let g be x(-6). Calculate p(g).
-5
Let w(r) = r**2 - 2*r - 6. Let x be w(4). Let l(m) = -3*m**3 - m**x - 2*m + 5532 - 5533 - 2*m**3. Calculate l(-1).
5
Let w(f) = 22*f - 128. Suppose -31*v + 965 = 90*v + 239. What is w(v)?
4
Let j be ((-4)/6)/((-1)/15). Let m be (-2)/((12/j)/3). Let l(p) = -3*p**2 - 5*p + 23. Let z(d) = -10*d**2 - 15*d + 79. Let h(w) = 7*l(w) - 2*z(w). What is h(m)?
3
Let h be (0 - 2)/4 + (-221)/(-34). Suppose -5*p - 4 = 4*c, -c + h*p - 8 = 9*p. Let r(a) = a**3 - 4*a**2 + a + 2. What is r(c)?
6
Suppose 1 + 24 = -5*j. Let m be (-2)/(-1 + 0 - j)*8. Let d(z) = z. Let s(f) = 2. Let h(a) = 2*d(a) + s(a). What is h(m)?
-6
Suppose 71*u = 53 - 124. Let d(r) = -140*r - 3. Determine d(u).
137
Suppose -4*w = -5*v - 5*w + 32, 20 = 3*v + w. Suppose -v*m = -m - 5. Let c be 0/m*(-9)/27. Let o(z) = z - 1. What is o(c)?
-1
Let p(o) = -o**3 - o**2 - o + 3. Let g be p(0). Let i(n) = -n**2 - 12*n - 23. Let s be i(-3). Let m(a) = -a**3 - a + s*a - 5 + a**2 + g. Give m(2).
0
Let z(n) be the third derivative of 135*n**2 + 1/3*n**3 + 1/10*n**5 + 0 - 1/12*n**4 + 0*n. What is z(1)?
6
Let o(a) = -3*a**2 + 2 - 1 - 348*a - 1 - 2 + 352*a. Determine o(-4).
-66
Let o(k) be the first derivative of k**2/2 + 3*k + 2. Let u be ((-1)/((-1)/(-27)))/(-133 + 124). Determine o(u).
6
Suppose 3*r = -78 + 84. Suppose 0 = -15*n + 17*n + 4*o + r, 0 = n + 4*o + 5. Let l(h) = -2*h - 2. Calculate l(n).
-8
Let b = -100 - -92. Let x be (-60)/b - 6 - (-122)/4. Let t(c) = -1 + 66*c**2 - 19*c**2 - x*c**2. Calculate t(-1).
14
Let k(l) be the second derivative of -l**4/12 - l**3/3 + l**2/2 + 141*l. Suppose 5*d - 25 = 0, -3*g - 5*d = g - 29. Suppose 0 = -2*a + 1 + g. Calculate k(a).
-2
Let y(s) be the second derivative of -s**4/12 + 11*s**3/6 + 17*s**2/2 - 60*s + 14. Calculate y(13).
-9
Let h(q) = q**3 - 2*q**2 + 8*q**2 - 65609 + 65589. Calculate h(-4).
12
Let a(q) = -8*q**2 - q + 1. Let i(k) = 4*k**3 + 31*k**2 + 3*k - 8. Let u(g) = 4*a(g) + i(g). Give u(-2).
-38
Let y be (3 + 4)*(-7)/(147/(-6)). Let q(m) be the third derivative of m**6/60 - m**5/30 - m**4/24 - m**3/3 - m**2 - 9. Determine q(y).
4
Let h(r) = -16*r - 20. Suppose -5 = -20*u + 115. Let j(m) = 35*m + 41. Let x(y) = u*j(y) + 13*h(y). Give x(6).
-2
Let u(y) = 4*y - 5. Let d(j) = -j. Let c(z) = 3*d(z) + u(z). Suppose 139 = 5*s + 9. Suppose -5*f + 3 = 3*h - 15, 0 = f - 5*h - s. What is c(f)?
1
Let b(n) = n**3 + 8*n**2 + 7*n - 6. Let p = 67 - 94. Let m = p + 20. Let y be b(m). Let z(h) = -h**3 - 7*h**2 - 7*h + 6. Calculate z(y).
12
Suppose 2*h = -4*p - 4, 2*p - 690 + 672 = h. Let a(f) = f**2 + 24*f - 1. What is a(h)?
-141
Let p(a) = 2*a**3 - 94*a**2 - 5*a + 231. Let y be (-3410)/(-62) - (14 - 6). Give p(y).
-4
Let w(d) = 5*d**2 + 9*d - 12. Let u(b) = -13*b**2 - 27*b + 38. Let o(s) = 3*u(s) + 8*w(s). Determine o(3).
0
Let r = 37 - 37. Let g(h) = 2*h**2 - 1 - 2*h + r - 3 + 3. Suppose k + 2*u = 3*u + 2, 0 = 4*k - 3*u - 8. What is g(k)?
3
Let j = 166 - 165. Let v(y) = 46*y**2 - 2*y + 2. Let p(k) = 23*k**2 - k + 1. Let a(u) = -11*p(u) + 6*v(u). Calculate a(j).
23
Let f(y) be the first derivative of -y**4/4 + 3*y**2 - 11*y - 1051. Determine f(2).
-7
Let k(x) = 6*x**2 + 6*x - 2. Let f(g) = -22*g**2 - 34*g + 19. Let t(q) = f(q) + 4*k(q). Suppose 5*a - 19 = -2*w, 3*a - 5*a + 4 = 2*w. Calculate t(a).
11
Let w(q) = -q**3 - 3*q**2 - 4*q - 3. Suppose -68*u - 90 = -71*u. Let x be ((-5)/((-50)/(-88)))/(u/375). Let t = -113 - x. Give w(t).
9
Let r(s) = -s**3 + s**2 + s - 4. Suppose -46*k = -1044 - 980. Let t = 47 - k. Determine r(t).
-19
Let z(n) = -100*n + 228. Let u(o) = -54*o + 113. Let v(r) = 9*u(r) - 5*z(r). Determine v(9).
3
Let z(f) = -f**3 + 12*f**2 - 12*f - 23. Let r be (19 - 18) + (-3)/(-3) + 1*9. Calculate z(r).
-34
Let z(x) = -13*x - 11. Let i(u) = -1693 - 3*u + 6*u + 1696. Let r(t) = 9*i(t) + 2*z(t). Give r(10).
15
Suppose 0 = -19*z + 37*z - 1188. Let d(n) = 67*n - z*n + 5 + 4. Calculate d(-7).
2
Let u(y) = y**3 + 15*y**2 + 14*y - 13. Let d be (-2 - -5)/((-9)/42). What is u(d)?
-13
Let k = 39 + -37. Suppose k*c = -4*f + 74, -f + 73 = 2*f - 2*c. Let w = f + -17. Let z(y) = y**3 - 3*y**2 - 4*y - 4. Determine z(w).
-4
Let k(p) = -122*p**3 + 2*p**2 - 2. Suppose -4*n - 3*g - 2 = 0, -3*n + 5*g - 47 = -60. Determine k(n).
-122
Suppose 3*z = -c - 5, c - z + 10 = 3*c. Let f(b) = 30*b + 3 - 29*b + c. Let m(n) = 22*n - 339. Let x be m(15). Give f(x).
1
Let l(b) = -b**3 - b**2 + 3. Let w be 10/(-15) + 1/(-3)*-86. Let k be 4 - 96/w - 4/7. Determine l(k).
3
Let d(m) = -m**3 - m**2 + 9. Let r = 1401 + -1406. Let s(w) = -5*w**3 + 3*w**3 - 4*w**2 - w**2 - 15 - 3*w + w**3. Let x be s(r). Calculate d(x).
9
Let y(m) be the second derivative of m**5/20 - 5*m**4/12 - m**3/2 + 7*m**2/2 - 49*m + 17. Give y(6).
25
Let l(p) = -p**3 + 80*p**2 + 1764*p + 31. Let w be l(98). Let a(m) = 12*m - 383. Give a(w).
-11
Suppose 0 = -96*n + 98*n - 4*u + 44, -2*u - 26 = 5*n. Let y(d) = -d**2 - d + 26. Give y(n).
-30
Let b(m) be the first derivative of -5*m**3/3 + 3*m**2/2 + 20*m - 10638. What is b(-5)?
-120
Suppose -149*l + 147*l + h + 22 = 0, 3*l - 47 = 5*h. Let o(n) = n**2 + 26*n - 324. Give o(l).
-9
Let r(v) = -v**2 + 11*v - 8. Suppose 17*h - g - 15 = 16*h, 2*h = -g + 18. Give r(h).
-8
Let a(s) = 10*s - 46. Let h(f) = f + 4. Let z(u) = a(u) + 6*h(u). Let b(x) = -3*x + 4. Let q(i) = -22*b(i) - 4*z(i). Calculate q(4).
8
Suppose 174*l + 195*l - 386*l = -187. Let y(o) = -4*o**2 + 38*o + 70. Calculate y(l).
4
Let t be -1 - (-11 + 3 + -1) - 2. Suppose 2*g + 3*r + t = 5*r, 15 = -3*r. Let h(b) = 6*b + 3 + b**2 + 0*b**2 + 0*b - 13. Calculate h(g).
6
Let t(k) = k**2 - 4*k + 4. Suppose 9 = 6*s + 441. Let n = s + 75. Determine t(n).
1
Let d = -240 - -300. Let b = d - 65. Let v(m) = -m - 6. Determine v(b).
-1
Let u(l) = l**2 - 8*l - 5. Let s be u(8). Let n(c) be the first derivative of -5*c + 6 - 1/2*c**2. What is n(s)?
0
Let l(z) = 40*z**2 - 2*z + 2. Let c = 1588 + -1587. What is l(c)?
40
Let y(f) = -f**2 + f + 3. Let n(b) = 3*b**2 + 54*b + 351. Let p be n(-7). Let x be (4*1/16)/(5/p). What is y(x)?
-27
Let i(d) = d**3 - 3*d**2 + 2*d. Let m be i(3). Let h be 2 + (0/(-3) - (-1 - -1)). Let v(z) = -6 - 3*z + 10*z + 5*z**2 - z**3 + h. Calculate v(m).
2
Let c(p) = -p**2 - 10*p - 35. Let l be c(-5). Let s(a) = -12 + 0 - a - 2 - 1. What is s(l)?
-5
Suppose -1326 = -0*m - 26*m. Suppose -5*g + l = -48, 0 = -4*g - 2*l + m - 7. Let u(q) = -q**3 + 9*q**2 + 8*q - 15. Give u(g).
-35
Let o(r) = 5*r**3 + 18*r**2 + 6*r + 9. Let f(b) = b**3 + 2*b**2 - b + 1. Let v(h) = -4*f(h) + o(h). Let i be v(-9). Let x(u) = u**2 + 10*u + 1. Calculate x(i).
-23
Let u(w) = w**2 - 4*w - 5. Suppose 23 = 6*r + 23. Let p be (-1)/(2*(r + (-5)/(-30))). Calculate u(p).
16
Let d(n) = -6*n**2 + 3*n + 240. Let r(s) = 11*s**2 - 8*s - 426. Let g(q) = -9*d(q) - 5*r(q). Give g(6).
12
Let x = -51 + 52. Let s be 1/(-2)*4 + -11 + x. Let y be (5/(-2))/(-2*(-3)/s). Let a(f) = -f**3 + 5*f**2 - f - 3. Calculate a(y).
-8
Let p(m) be the second derivative of m**5/20 + m**4/4 + 5*m**3/6 + 2*m**2 + 5232*m. Calculate p(-4).
-32
Let d(k) = k**2 + 1. Let g(v) = -6*v**2 - 2*v - 3. Let x(o) = -4*d(o) - g(o). Let l(f) = 0 + f - f**3 - 5 + 21*f**2 - 21*f + 7. Let t be l(20). Determine x(t).
11
Let x be -3 + 21/(-6) + 3/(-2). Let f = -78 + 76. Let a be ((-4)/x)/((-1)/2) + f. Let l(m) = -m**2 - m + 1. Calculate l(a).
-5
Let i(f) = -f**3 + 9*f**2 - 18*f + 21. Let a be 0 - (17 + (-72)/3). Determine i(a).
-7
Let y(b) be the third derivative of -b**6/10 + b**5/10 - b**4/8 - b**3/3 - 9144*b**2. Determine y(1).
-11
Let o be (-80)/360 - (-2)/9. Let a(l) = -582*l**2 + 583*l**2 - 1 + 3*l + o*l + 4*l. Calculate a(-7).
-1
Let j(x) = -x**3 - x**2 - 2. Let i be j(0). Suppose 160 = 26*c + 14*c. Let g(q) = q**2 - q + 5 + 0*q - c - 1. Give g(i).
6
Let j(d) = -4*d**2 - 3*d - 2. Let l(y) = -y**3 - 23*y**2 - 23*y - 31. Let v be l(-22). Let p be 11/v + ((-104)/(-36))/13. Determine j(p).
-3
Suppose 0 = -9*p - 0*p + 2025. Let t = p + -222. Let r(x) = -x**3 + 3*x - 1. What is r(t)?
-19
Let y(p) = -p**2 - 8*p - 7. Let u be 45/1 - 20/5. Let f 